 -5?
-1656
In base 5, what is 12331 - 112?
12214
In base 7, what is 402 + -1?
401
In base 5, what is 1311 - 121?
1140
In base 5, what is 2 - -2301?
2303
In base 10, what is 1 - 14?
-13
In base 4, what is 3 + 0?
3
In base 5, what is 4213 - -3?
4221
In base 8, what is 2 - -117?
121
In base 9, what is 1350 + 5?
1355
In base 14, what is -2b6 - 2c?
-304
In base 7, what is -22 - 2250?
-2302
In base 8, what is -1 + -35?
-36
In base 7, what is 3 + 1623?
1626
In base 13, what is b6 - -6?
bc
In base 13, what is -3a9 + 7?
-3a2
In base 4, what is -120112 + 2?
-120110
In base 8, what is 276 + -2?
274
In base 10, what is -2530 + -4?
-2534
In base 10, what is 4 - -11?
15
In base 2, what is -11101 + -100110?
-1000011
In base 12, what is 42 - -1a9?
22b
In base 11, what is 32 - 40?
-9
In base 3, what is -10011 + 11?
-10000
In base 3, what is -221 - 122?
-1120
In base 4, what is 2 + -222?
-220
In base 5, what is -11 + -1?
-12
In base 2, what is 10 - -101101001?
101101011
In base 8, what is 1 - -7?
10
In base 6, what is 1140 + -1?
1135
In base 3, what is 1 + -1100?
-1022
In base 14, what is -2 - 20?
-22
In base 2, what is -100 - 110111?
-111011
In base 16, what is -65 - -5?
-60
In base 7, what is -2 - -135?
133
In base 15, what is -1e - 6c?
-8b
In base 13, what is -3565 + 5?
-3560
In base 7, what is -3 - -1644?
1641
In base 13, what is -16 - -70?
57
In base 11, what is -3 - 27?
-2a
In base 3, what is -20 - 11?
-101
In base 6, what is -245 - -1?
-244
In base 7, what is 235 + 63?
331
In base 6, what is 3 + -55?
-52
In base 13, what is 2 + 16?
18
In base 10, what is 18 - 0?
18
In base 10, what is 103 - 0?
103
In base 5, what is 1 - 213?
-212
In base 2, what is -11100100 - 10?
-11100110
In base 7, what is -32323 - -1?
-32322
In base 13, what is -498 + 4?
-494
In base 8, what is -2 + 10?
6
In base 14, what is -1 - -2a?
29
In base 3, what is 120120 + -11?
120102
In base 4, what is 1 - 1123?
-1122
In base 6, what is -14 + -1013?
-1031
In base 11, what is -7 - -6a?
63
In base 5, what is 3 - -114?
122
In base 13, what is 11 + -156?
-145
In base 2, what is -1000 - 100101010?
-100110010
In base 9, what is -765 - -23?
-742
In base 7, what is 1556 - -3?
1562
In base 14, what is 0 - -54?
54
In base 9, what is -325 + -1?
-326
In base 11, what is -703 + 24?
-68a
In base 3, what is 1212021 - -2?
1212100
In base 12, what is -2 - -36?
34
In base 13, what is 45a + -15?
445
In base 13, what is -4 - 120?
-124
In base 9, what is -2 + 122?
120
In base 4, what is -33020 + -3?
-33023
In base 4, what is 2 + 200?
202
In base 7, what is 3 + -140?
-134
In base 7, what is -33 + 40?
4
In base 14, what is 18 - -9?
23
In base 8, what is -7 - 111?
-120
In base 9, what is 1370 - -4?
1374
In base 5, what is -41 - -30?
-11
In base 16, what is 0 - -1?
1
In base 3, what is -12 + 211220?
211201
In base 7, what is -6106 + 3?
-6103
In base 15, what is -5d8 + 2?
-5d6
In base 3, what is -1202 + 11221?
10012
In base 15, what is -1 + -352?
-353
In base 14, what is 7 - 15?
-c
In base 12, what is 4 + 21?
25
In base 16, what is 50 + 0?
50
In base 8, what is 216 - 45?
151
In base 5, what is 122 + 202?
324
In base 9, what is -1 - -101?
100
In base 12, what is -13b - 9?
-148
In base 11, what is -1a6 - -3?
-1a3
In base 12, what is 31 - 25?
8
In base 12, what is -1 - 639?
-63a
In base 11, what is -32 + -a?
-41
In base 13, what is -413 - -5?
-40b
In base 11, what is 1 + 175?
176
In base 6, what is -2512 - 11?
-2523
In base 3, what is 12 + 10022?
10111
In base 12, what is 1 + -bb?
-ba
In base 10, what is -7 - -4233?
4226
In base 2, what is 101 - -101101101?
101110010
In base 2, what is -1 + -11110100111?
-11110101000
In base 4, what is -111200 + -1?
-111201
In base 2, what is 1111000110 - -1?
1111000111
In base 10, what is -5 + 58?
53
In base 7, what is 215 + 2?
220
In base 16, what is -4 + 645?
641
In base 13, what is b - 11?
-3
In base 15, what is -d74 + -3?
-d77
In base 2, what is 10101011010100 - 10?
10101011010010
In base 6, what is 2 - 25333?
-25331
In base 13, what is 52 - 4c?
3
In base 13, what is -93 + 2?
-91
In base 3, what is -10 + 22101?
22021
In base 10, what is 6624 + -4?
6620
In base 16, what is 5 + 3f?
44
In base 3, what is 11 - -2002?
2020
In base 12, what is 3 - 360?
-359
In base 15, what is -2 - d?
-10
In base 9, what is -101 - 28?
-130
In base 12, what is 3 - 29?
-26
In base 8, what is 11 + 0?
11
In base 3, what is 120012 - -22?
120111
In base 5, what is -22213 + -3?
-22221
In base 4, what is 1210 - 3?
1201
In base 12, what is -176 - -7?
-16b
In base 12, what is -10 - -214?
204
In base 7, what is 4631 + 3?
4634
In base 16, what is b - 7?
4
In base 13, what is 0 + -79?
-79
In base 8, what is -2236 - 7?
-2245
In base 9, what is 2 + 80?
82
In base 15, what is 10 - -98?
a8
In base 7, what is -1432 + 3?
-1426
In base 4, what is -220331 - 2?
-220333
In base 4, what is -2 + -1003333?
-1010001
In base 2, what is -100011 - -101?
-11110
In base 10, what is 314 + 3?
317
In base 16, what is 63b - 1?
63a
In base 4, what is 213200 - 2?
213132
In base 7, what is -52 - 1?
-53
In base 11, what is -11314 + 3?
-11311
In base 6, what is -423 + 2?
-421
In base 2, what is -1 - 10011010?
-10011011
In base 7, what is 3 + -13?
-10
In base 2, what is -1000101 + 11?
-1000010
In base 15, what is -24 + 15?
-e
In base 11, what is -56 + 5?
-51
In base 6, what is 2403 + 1?
2404
In base 12, what is -1 + b1?
b0
In base 9, what is -10 - 3418?
-3428
In base 2, what is -100101100 + 100?
-100101000
In base 15, what is 62 - -5?
67
In base 8, what is -14 + -113?
-127
In base 12, what is 2a80 + -4?
2a78
In base 10, what is -11 - -94?
83
In base 11, what is 0 - 73?
-73
In base 4, what is -3 - 23?
-32
In base 14, what is -2 + 140?
13c
In base 5, what is -100240 - 2?
-100242
In base 13, what is -175 - -1?
-174
In base 16, what is 1 + 3c?
3d
In base 6, what is -1044 + 3?
-1041
In base 13, what is 365 + -3?
362
In base 3, what is -110001 + -1?
-110002
In base 7, what is -22 - -4?
-15
In base 13, what is -10 - -11?
1
In base 2, what is -10111001000101 + -1?
-10111001000110
In base 13, what is 5 - 5b6?
-5b1
In base 12, what is 45 - 0?
45
In base 4, what is -1 + -11121?
-11122
In base 11, what is 0 - -144?
144
In base 13, what is 4 + 14?
18
In base 10, what is -321 - 5?
-326
In base 12, what is -6 - 81?
-87
In base 13, what is 2 - 46?
-44
In base 4, what is 0 - -303?
303
In base 9, what is -164 + 34?
-130
In base 9, what is 1 - 588?
-587
In base 8, what is 2136 - 3?
2133
In base 15, what is -163 + -19?
-17c
In base 2, what is -10 - -11110000010?
11110000000
In base 4, what is 1101 + -1312?
-211
In base 2, what is -100 + -1010101?
-1011001
In base 2, what is 10 - -1100100100010?
1100100100100
In base 2, what is 11 - 1110011110111?
-1110011110100
In base 9, what is -1 - 683?
-684
In base 11, what is -2 + 82?
80
In base 7, what is -40 + -206?
-246
In base 11, what is 4 - 105?
-101
In base 13, what is 427 + -3?
424
In base 7, what is -331415 + -3?
-331421
In base 4, what is 30120313 - 2?
30120311
In base 8, what is -1 - 5264?
-5265
In base 14, what is 85 + 111?
196
In base 9, what is 17340 - 1?
17338
In base 12, what is -80 + 4?
-78
In base 3, what is -20002112 - -12?
-20002100
In base 2, what is -1010000110 + 101?
-1010000001
In base 15, what is 5 - -97?
9c
In base 7, what is -5522 + -4?
-5526
In base 15, what is 166b + 3?
166e
In base 7, what is -2 + 111?
106
In base 9, what is 214 - -3?
217
In base 6, what is -3502 + 4?
-3454
In base 6, what is 124 + -2212?
-2044
In base 6, what is -5 - 112?
-121
In base 12, what is 12558 + -2?
12556
In base 4, what is -102 + 132?
30
In base 15, what is -144 + -7?
-14b
In base 2, what is -1001010011 - 0?
-1001010011
In base 7, what is 2 - -53?
55
In base 9, what is 82 - -4?
86
In base 9, what is -1 - -1816?
1815
In base 2, what is -111111100 - 100?
-1000000000
In base 15, what is -54b - -d?
-53d
In base 14, what is 8 - 708?
-700
In base 11, what is -2 - -95a?
958
In base 3, what is -12 - 1021?
-1110
In base 13, what is 11a46 + 3?
11a49
In base 12, what is -13 + 10?
-3
In base 5, what is -14333 + -2?
-14340
In base 15, what is -5 - -23?
1d
In base 14, what is -4 + -36?
-3a
In base 16, what is 3 + -39?
-36
In base 8, what is 0 + 51?
51
In base 3, what is 11 - 120102?
-120021
In base 16, what is 16 - 0?
16
In bas